02?
12021121202
In base 3, what is 1120200120112 - 0?
1120200120112
In base 4, what is -123 + 2201003212311?
2201003212122
In base 12, what is -20098 - -8625?
-13673
In base 16, what is -2e + -3fdebc?
-3fdeea
In base 12, what is -382006 + -31?
-382037
In base 12, what is 1 + -9b1755?
-9b1754
In base 13, what is 3b39589 + 5?
3b39591
In base 14, what is -4108c91 - 18?
-4108ca9
In base 13, what is 699538 + 11?
699549
In base 10, what is -5 - -75461986?
75461981
In base 7, what is 21 - -20026263?
20026314
In base 3, what is -11 - 11112022202200220?
-11112022202201001
In base 15, what is a92c6a - -19?
a92c84
In base 11, what is -322a - 4716?
-7945
In base 4, what is 23 + 3111012123000?
3111012123023
In base 6, what is -2402045010 - 2?
-2402045012
In base 6, what is 1045 + -302541?
-301452
In base 15, what is a4 - de49b?
-de3e7
In base 5, what is 12131203 + -133?
12131020
In base 9, what is 312126 + 36?
312163
In base 12, what is -4 - -2a7ba1?
2a7b99
In base 13, what is -a + 5c6163?
5c6156
In base 5, what is 120342 - -2244230?
2420122
In base 11, what is 24a99174 - -5?
24a99179
In base 8, what is 577665102 - 5?
577665075
In base 2, what is -101 + -11010100101110000101110?
-11010100101110000110011
In base 2, what is 110011001010011110 + -110011?
110011001001101011
In base 16, what is 125 + 46af0?
46c15
In base 14, what is -2 + -161710?
-161712
In base 10, what is 343461074 - -1?
343461075
In base 15, what is -5 + -141717?
-14171c
In base 14, what is -4 - -28c2a5dd?
28c2a5d9
In base 4, what is -20210210 - -2230?
-20201320
In base 12, what is -11765 + -118?
-11881
In base 3, what is 1100011121120102 + -2?
1100011121120100
In base 11, what is 3a095 + 5a5?
3a68a
In base 14, what is -4898 - 189?
-4a43
In base 16, what is 2ca344 - 0?
2ca344
In base 3, what is -10021221102102 + 101?
-10021221102001
In base 2, what is -1011 - -1101000111001100101011010?
1101000111001100101001111
In base 12, what is 0 + 267155?
267155
In base 6, what is 2411 + 24150344?
24153155
In base 5, what is 203342 + 14333?
223230
In base 14, what is -2394c6 - c?
-2394d4
In base 7, what is 2 - -122030501?
122030503
In base 14, what is 165 - -1544?
16a9
In base 6, what is -15251250 - -21?
-15251225
In base 3, what is -11 + -222111021101022?
-222111021101110
In base 11, what is -8 - 244890a?
-2448917
In base 4, what is -1133032 + -110103?
-1303201
In base 2, what is -10001000011110111101110010 + 1?
-10001000011110111101110001
In base 7, what is -1065136454 - 2?
-1065136456
In base 10, what is -39 + -2277996?
-2278035
In base 7, what is -302 + -1243256?
-1243561
In base 8, what is 43 + -75364332?
-75364267
In base 9, what is 135 + 1056345?
1056481
In base 13, what is 699bb - -2404?
6c0c2
In base 6, what is -5553535 - 25?
-5554004
In base 5, what is 3 - -14114320312?
14114320320
In base 2, what is -1001100001 - 110101010010010?
-110110011110011
In base 8, what is 536020561 + -3?
536020556
In base 5, what is 2244130111 - -110?
2244130221
In base 14, what is -16d - 9644?
-97b3
In base 8, what is 21 + 64570?
64611
In base 15, what is 5 - 458c7c0?
-458c7ba
In base 11, what is -112809726 + 4?
-112809722
In base 4, what is 22020013 + 121?
22020200
In base 13, what is -216b8 + 5?
-216b3
In base 9, what is -4545 + -13834?
-18480
In base 15, what is 4 + -2a65c87?
-2a65c83
In base 16, what is -4ba + 117dd?
11323
In base 4, what is -10210 - 123302023?
-123312233
In base 12, what is -70a5b + -63?
-70b02
In base 2, what is -10011100110010010100000 + 101?
-10011100110010010011011
In base 3, what is -110 - 1000000001212?
-1000000002022
In base 7, what is 11305562 - -300?
11306162
In base 2, what is -100110001100 + 10101011111011010?
10100111001001110
In base 12, what is -4b - -185a66?
185a17
In base 14, what is -13b3b - -381?
-1379a
In base 9, what is -68 - -2122426?
2122347
In base 8, what is 3 - -404633002?
404633005
In base 2, what is 100000 - 10001000101100100?
-10001000101000100
In base 9, what is 547272307 - -3?
547272311
In base 12, what is 4 - 326bb8?
-326bb4
In base 2, what is -100 - -1100011100000011110100101?
1100011100000011110100001
In base 13, what is bc23cc2 + 2?
bc23cc4
In base 3, what is 0 - 201110201112122?
-201110201112122
In base 13, what is 981b + 4b1c?
1163a
In base 7, what is 236154454 + -3?
236154451
In base 2, what is -1001100100011 + -111010010?
-1010011110101
In base 11, what is -913253 + a?
-913244
In base 3, what is -1121 - 2020002020?
-2020010211
In base 10, what is 567425793 - -1?
567425794
In base 15, what is -5bd4 - -63?
-5b71
In base 7, what is -625504 - 11?
-625515
In base 2, what is -100010010000 + 10000110101?
-10001011011
In base 3, what is -12 + -10110120101011?
-10110120101100
In base 14, what is -3d6d51 - -5?
-3d6d4a
In base 13, what is -9679012 - 5?
-9679017
In base 14, what is -2794352c + 5?
-27943527
In base 13, what is -9a87 + 1b89?
-7bcb
In base 14, what is 313 - 71a?
-407
In base 12, what is -2783622 + 90?
-2783552
In base 4, what is 111132310 - -32201?
111231111
In base 15, what is 0 - 2620c4?
-2620c4
In base 2, what is -11010101001001 + 1010001001001?
-10000100000000
In base 15, what is 104314 + 44?
104358
In base 15, what is 7b5c59d - 3?
7b5c59a
In base 9, what is -63208 - -252?
-62846
In base 6, what is 2143240 - 1?
2143235
In base 13, what is 4434 + 19c?
4603
In base 2, what is 1100001010101011011 + -10010010100?
1100001000011000111
In base 7, what is 546 + 515500?
516346
In base 11, what is -21846 + 250?
-215a6
In base 6, what is -23234 + -453100?
-520334
In base 13, what is 157 + 1a776?
1a900
In base 15, what is -19e - acd38?
-aced7
In base 12, what is -1492493a - 0?
-1492493a
In base 6, what is 24135 + 1021054?
1045233
In base 6, what is 135540054333 + 0?
135540054333
In base 2, what is 101111 - 111010011010101001110?
-111010011010100011111
In base 6, what is 0 + 2535314110?
2535314110
In base 4, what is -23233113132 + 10?
-23233113122
In base 14, what is 10ba27 - 11?
10ba16
In base 4, what is 11 + 101301322010?
101301322021
In base 8, what is -2567 + -17465?
-22254
In base 2, what is -10011110111100001 + 110001000?
-10011110001011001
In base 16, what is -1f07cb6 + 3?
-1f07cb3
In base 5, what is -144403140203 + -3?
-144403140211
In base 8, what is 12 + 2003607?
2003621
In base 3, what is -1 - -2222220021210212?
2222220021210211
In base 7, what is -120125265 - 4?
-120125302
In base 4, what is -3 - 112001012111?
-112001012120
In base 12, what is -4a78617 - -5?
-4a78612
In base 13, what is 17c4 - 1a42?
-24b
In base 4, what is 2000313 + 203331?
2210310
In base 2, what is 10000101011000101 - 111010?
10000101010001011
In base 8, what is -4 - -367347?
367343
In base 16, what is -4aefaf - -3?
-4aefac
In base 6, what is -531124 - -235?
-530445
In base 13, what is a88b - 11c2?
9699
In base 8, what is -142 - -247325?
247163
In base 10, what is -867195 - 10?
-867205
In base 9, what is -156167 - -337?
-155730
In base 10, what is 48125 + 50?
48175
In base 3, what is -1212100211122021102 + 2?
-1212100211122021100
In base 2, what is -101 + 1000111110100110101101?
1000111110100110101000
In base 2, what is -110110 - 10110011001111000010100?
-10110011001111001001010
In base 13, what is 12cb + 3136?
4434
In base 10, what is -57581140 - 13?
-57581153
In base 11, what is 4a8047 + 5?
4a8051
In base 12, what is 4b8b0 - 6b3?
4b1b9
In base 11, what is -6982793 - 0?
-6982793
In base 7, what is 35565 - -532?
36430
In base 5, what is 24020233101 - -21?
24020233122
In base 16, what is -466e + -1bf?
-482d
In base 9, what is -280 + -3231381?
-3231671
In base 4, what is 11111230 + 103130?
11221020
In base 13, what is -262 + 22601?
2236c
In base 5, what is -3 + 131433422?
131433414
In base 3, what is 120 - -201010221120?
201010222010
In base 13, what is -20c5861 - -5?
-20c5859
In base 12, what is -33832b05 - -6?
-33832abb
In base 4, what is 1122132212210 + 1?
1122132212211
In base 8, what is 207062375 + -1?
207062374
In base 15, what is 991bb2 + -7?
991baa
In base 2, what is -11011010001 + 100010?
-11010101111
In base 11, what is -5 - -3846941a?
38469415
In base 11, what is 2 - 165694?
-165692
In base 14, what is -1459 - -190?
-12a9
In base 11, what is 5 + 93340368?
93340372
In base 3, what is -12021121110202 + -20?
-12021121110222
In base 12, what is -71a - 352242?
-352960
In ba